{"id":2618,"date":"2023-07-09T09:40:48","date_gmt":"2023-07-09T07:40:48","guid":{"rendered":"http:\/\/nina-schneider.com\/?page_id=2618"},"modified":"2026-04-22T09:44:33","modified_gmt":"2026-04-22T07:44:33","slug":"nina-schneider-ueber-mich","status":"publish","type":"page","link":"https:\/\/nina-schneider.com\/?page_id=2618","title":{"rendered":"\u00dcber mich"},"content":{"rendered":"<section class=\"wpb-content-wrapper\">[vc_row][vc_column width=&#8220;1\/2&#8243;][vc_column_text]Ich bin Nina Schneider, freiberufliche Illustratorin aus Langquaid in Bayern. Seit 2013 erstelle ich ma\u00dfgeschneiderte Illustrationen f\u00fcr Print und Web \u2013 mit Schwerpunkt auf Editorialillustration, medizinische und gesundheitliche Themen sowie Unternehmenskommunikation. Meine Arbeiten erscheinen u.a. in der Apotheken Umschau, in Jahresberichten gro\u00dfer Verb\u00e4nde und in Ausstellungen europ\u00e4ischer Museen.<\/p>\n<p>Seit ich denken und einen Stift halten kann, habe ich unerm\u00fcdlich gezeichnet. Schon als Kind stapelten sich unter meinem Bett Mappen voller bunter Bilder. Mit dem Kunststudium nahm dieser Traum Gestalt an und wuchs zu einer festen Entschlossenheit heran: Ich wollte meine Leidenschaft zum Beruf machen und meinen Lebensunterhalt mit dem Zeichnen verdienen. Heute lebe ich diesen Traum und sch\u00f6pfe t\u00e4glich kreative Erf\u00fcllung daraus.<\/p>\n<h4><a href=\"mailto::post@nina-schneider.com\" target=\"_blank\" rel=\"noopener\">Lass uns gemeinsam deine Ideen visuell umsetzen!<\/a><\/h4>\n[\/vc_column_text][\/vc_column][vc_column width=&#8220;1\/2&#8243;][vc_single_image image=&#8220;3364&#8243; img_size=&#8220;large&#8220; alignment=&#8220;center&#8220; css_animation=&#8220;fadeIn&#8220;][\/vc_column][\/vc_row][vc_row][vc_column][vc_empty_space][vc_separator color=&#8220;white&#8220;][\/vc_column][vc_column][vc_separator][\/vc_column][\/vc_row][vc_row][vc_column][vc_column_text css_animation=&#8220;fadeIn&#8220; css=&#8220;.vc_custom_1776843866528{padding-bottom: 30px !important;}&#8220;]\n<div class=\"wp-block-column is-layout-flow\">\n<p>&nbsp;<\/p>\n<p class=\"has-text-color has-extra-small-font-size\"><strong>VITA<\/strong><br \/>\nGeboren 1985 in Mainburg, nach dem Abitur Ausbildung zur Augenoptikerin.<br \/>\nDanach Studium B.A. Bildende Kunst und Medienwissenschaften an der Universit\u00e4t Regensburg.<br \/>\nSeit 2013 freiberufliche Illustratorin und Bildende K\u00fcnstlerin<br \/>\nSeit 2024 Inhaberin der Kunstschule Bilderbude<br \/>\nSeit 2025 Museumsp\u00e4dagogische T\u00e4tigkeit f\u00fcr das KASiMiRmusem Landshut<br \/>\nSeit 2025 Live Zeichnen auf Events mit der <a href=\"https:\/\/kritzel-kiste.de\/\" target=\"_blank\" rel=\"noopener\">Kritzel Kiste<\/a><\/p>\n<p>&nbsp;<\/p>\n<p class=\"has-text-color has-extra-small-font-size\"><strong>KUNDEN<\/strong><\/p>\n<p class=\"has-text-color has-extra-small-font-size\"><strong><img loading=\"lazy\" decoding=\"async\" class=\"aligncenter wp-image-3158 size-large\" src=\"https:\/\/nina-schneider.com\/wp-content\/uploads\/clients-Kopie-1024x608.jpg\" alt=\"\" width=\"1024\" height=\"608\" srcset=\"https:\/\/nina-schneider.com\/wp-content\/uploads\/clients-Kopie-1024x608.jpg 1024w, https:\/\/nina-schneider.com\/wp-content\/uploads\/clients-Kopie-300x178.jpg 300w, https:\/\/nina-schneider.com\/wp-content\/uploads\/clients-Kopie-768x456.jpg 768w, https:\/\/nina-schneider.com\/wp-content\/uploads\/clients-Kopie-1536x913.jpg 1536w\" sizes=\"auto, (max-width: 1024px) 100vw, 1024px\" \/><\/strong>Stadt Innsbruck \/\/ Wort und Bild Verlag \/\/ Gruner+Jahr \/\/ Blumberry \/\/ SPACE (Markenfilm Crossing GmbH) \/\/ Deutsche Herzstiftung e.V. \/\/ PKV Verband der Privaten Krankenversicherung e.V. \/\/ mymuesli GmbH \/\/ Stadt Regensburg \/\/ Architekturstudio KAJA \/\/ Verbraucherservice Bayern \/\/ m-medienfabrik GmbH \/\/ morgenjungs GmbH \/\/ MZ-Verlag \/\/ Universit\u00e4t W\u00fcrzburg \/\/ Brauerei zum Kuchlbauer GmbH &amp; Co. KG \/\/ wdv Gesellschaft f\u00fcr Medien &amp; Kommunikation mbH &amp; Co. OHG (JaVita von AOK)<\/p>\n<p>&nbsp;<\/p>\n<p class=\"has-text-color has-extra-small-font-size\"><strong>VER\u00d6FFENTLICHUNGEN<\/strong><br \/>\n<strong>Freistil 7 \u2013 Das Buch der Illustration<\/strong>, von Raban Ruddigkeit, Verlag Hermann Schmidt<strong><br \/>\nFreistil 6\u00a0<\/strong>\u2013 Sep 2017,\u00a0von Raban Ruddigkeit, Verlag Hermann Schmidt<strong><br \/>\nIO Sedbook 16,17 von Illustratoren Organisation e.V., Juni 2014<br \/>\nFreistil 5 \u2013 Die 200 besten Illustratoren<\/strong>, von Raban Ruddigkeit, Verlag Hermann Schmidt, Mainz, Juni 2014<br \/>\n<strong>IO Sedbook 14<\/strong>, von Illustratoren Organisation e.V., Juni 2014<\/p>\n<\/div>\n<div class=\"wp-block-column is-layout-flow\">\n<p>&nbsp;<\/p>\n<p class=\"has-text-color has-extra-small-font-size\"><strong>AUSSTELLUNGEN<\/strong><br \/>\n2025, <strong>Hortus &#8211; unser Garten der Illustration<\/strong>, M26, Regensburg<br \/>\n2024, <strong>tschutti heftli<\/strong>, Galerie Gudberg Nerger, Hamburg<br \/>\n2023, <strong>Finale<\/strong>, Galerie Helle Coppi, Berlin<br \/>\n2022,\u00a0<strong>art KARLSRUHE<\/strong>, Galerie Helle Coppi<br \/>\n2022,\u00a0<strong>Papier POSITIONEN<\/strong>, Gruppenausstellung, Galerie Helle Coppi, Berlin<br \/>\n2020,\u00a0<strong>Tauziehen<\/strong>, Einzelausstellung, Galerie Helle Coppi, Berlin<br \/>\n2019,\u00a0<strong>ZU GAST<\/strong>, Gruppenausstellung, Andreasstadl Regensburg<br \/>\n2017,\u00a0<strong>Schema S<\/strong>, Einzelausstellung in der Kleinsten Galerie im Degginger Regensburg<br \/>\n2014 \u2013 2016\u00a0<strong>F\u00f6rderk\u00fcnstlerin\u00a0<\/strong>der Kunst- und Kulturstiftung Oswald Zitzelsberger<br \/>\n2014,\u00a0<strong>con_Temprorary<\/strong>, Gruppenausstellung, Regensburg<br \/>\n2013,\u00a0<strong>87. Jahresschau Oberpf\u00e4lzer und niederbayerischer K\u00fcnstler und Kunsthandwerker<\/strong>, Kunst- und Gewerbeverein Regensburg<br \/>\n2013,\u00a0<strong>KunstSchau13<\/strong>, Universit\u00e4t Regensburg<br \/>\n2012,\u00a0<strong>Kunstausstellung \u201eSpaces\u201c<\/strong>, Leerer Beutel Regensburg<br \/>\n2011,\u00a0<strong>Jahresausstellung des Instituts f\u00fcr Kunsterziehung<\/strong>, Foyer der Zentralbibliothek, Universit\u00e4t Regensburg<br \/>\n2011,\u00a0<strong>Dauerausstellung in der G\u00e4stemensa<\/strong>, Universit\u00e4t Regensburg<br \/>\n2011,\u00a0<strong>Das menschliche Auge in der Anatomie, Medizin und Psychologi<\/strong>e, Kunsthalle, Universit\u00e4t Regensburg<\/p>\n<p>&nbsp;<\/p>\n<\/div>\n[\/vc_column_text][\/vc_column][\/vc_row][vc_row][vc_column][\/vc_column][\/vc_row]\n<\/section>","protected":false},"excerpt":{"rendered":"<p>[vc_row][vc_column width=&#8220;1\/2&#8243;][vc_column_text]Ich bin Nina Schneider, freiberufliche Illustratorin aus Langquaid in Bayern. Seit 2013 erstelle ich ma\u00dfgeschneiderte Illustrationen f\u00fcr Print und Web \u2013 mit Schwerpunkt auf Editorialillustration, medizinische und gesundheitliche Themen sowie Unternehmenskommunikation. Meine Arbeiten erscheinen u.a. in der Apotheken Umschau, [&hellip;]<\/p>\n","protected":false},"author":1,"featured_media":0,"parent":0,"menu_order":0,"comment_status":"closed","ping_status":"closed","template":"","meta":{"footnotes":""},"class_list":["post-2618","page","type-page","status-publish","hentry"],"yoast_head":"<!-- This site is optimized with the Yoast SEO plugin v27.2 - https:\/\/yoast.com\/product\/yoast-seo-wordpress\/ -->\n<title>\u00dcber mich - Nina Schneider Illustration<\/title>\n<meta name=\"description\" content=\"Ich bin Nina Schneider, Illustratorin mit \u00fcber 10 Jahren Erfahrung in der Erstellung von ma\u00dfgeschneiderten Illustrationen f\u00fcr Print und Web.Ob Editorials, Unternehmenskommunikation, gro\u00dffl\u00e4chige Wandgestaltung oder Architekturvisualisierungen \u2013 meine Arbeiten verbinden Kreativit\u00e4t und Klarheit.Seit ich denken und einen Stift halten kann, habe ich unerm\u00fcdlich gezeichnet. Schon als Kind stapelten sich unter meinem Bett Mappen voller bunter Bilder. Mit dem Kunststudium nahm dieser Traum Gestalt an und wuchs zu einer festen Entschlossenheit heran: Ich wollte meine Leidenschaft zum Beruf machen und meinen Lebensunterhalt mit dem Zeichnen verdienen. Heute lebe ich diesen Traum und sch\u00f6pfe t\u00e4glich kreative Erf\u00fcllung daraus.Lass uns gemeinsam deine Ideen visuell umsetzen!\" \/>\n<meta name=\"robots\" content=\"index, follow, max-snippet:-1, max-image-preview:large, max-video-preview:-1\" \/>\n<link rel=\"canonical\" href=\"https:\/\/nina-schneider.com\/?page_id=2618\" \/>\n<meta property=\"og:locale\" content=\"de_DE\" \/>\n<meta property=\"og:type\" content=\"article\" \/>\n<meta property=\"og:title\" content=\"\u00dcber mich - Nina Schneider Illustration\" \/>\n<meta property=\"og:description\" content=\"Ich bin Nina Schneider, Illustratorin mit \u00fcber 10 Jahren Erfahrung in der Erstellung von ma\u00dfgeschneiderten Illustrationen f\u00fcr Print und Web.Ob Editorials, Unternehmenskommunikation, gro\u00dffl\u00e4chige Wandgestaltung oder Architekturvisualisierungen \u2013 meine Arbeiten verbinden Kreativit\u00e4t und Klarheit.Seit ich denken und einen Stift halten kann, habe ich unerm\u00fcdlich gezeichnet. Schon als Kind stapelten sich unter meinem Bett Mappen voller bunter Bilder. Mit dem Kunststudium nahm dieser Traum Gestalt an und wuchs zu einer festen Entschlossenheit heran: Ich wollte meine Leidenschaft zum Beruf machen und meinen Lebensunterhalt mit dem Zeichnen verdienen. Heute lebe ich diesen Traum und sch\u00f6pfe t\u00e4glich kreative Erf\u00fcllung daraus.Lass uns gemeinsam deine Ideen visuell umsetzen!\" \/>\n<meta property=\"og:url\" content=\"https:\/\/nina-schneider.com\/?page_id=2618\" \/>\n<meta property=\"og:site_name\" content=\"Nina Schneider Illustration\" \/>\n<meta property=\"article:modified_time\" content=\"2026-04-22T07:44:33+00:00\" \/>\n<meta property=\"og:image\" content=\"https:\/\/nina-schneider.com\/wp-content\/uploads\/clients-Kopie-1024x608.jpg\" \/>\n<meta name=\"twitter:card\" content=\"summary_large_image\" \/>\n<meta name=\"twitter:label1\" content=\"Gesch\u00e4tzte Lesezeit\" \/>\n\t<meta name=\"twitter:data1\" content=\"3\u00a0Minuten\" \/>\n<script type=\"application\/ld+json\" class=\"yoast-schema-graph\">{\"@context\":\"https:\/\/schema.org\",\"@graph\":[{\"@type\":\"WebPage\",\"@id\":\"https:\/\/nina-schneider.com\/?page_id=2618\",\"url\":\"https:\/\/nina-schneider.com\/?page_id=2618\",\"name\":\"\u00dcber mich - Nina Schneider Illustration\",\"isPartOf\":{\"@id\":\"https:\/\/nina-schneider.com\/#website\"},\"primaryImageOfPage\":{\"@id\":\"https:\/\/nina-schneider.com\/?page_id=2618#primaryimage\"},\"image\":{\"@id\":\"https:\/\/nina-schneider.com\/?page_id=2618#primaryimage\"},\"thumbnailUrl\":\"https:\/\/nina-schneider.com\/wp-content\/uploads\/clients-Kopie-1024x608.jpg\",\"datePublished\":\"2023-07-09T07:40:48+00:00\",\"dateModified\":\"2026-04-22T07:44:33+00:00\",\"description\":\"Ich bin Nina Schneider, Illustratorin mit \u00fcber 10 Jahren Erfahrung in der Erstellung von ma\u00dfgeschneiderten Illustrationen f\u00fcr Print und Web.Ob Editorials, Unternehmenskommunikation, gro\u00dffl\u00e4chige Wandgestaltung oder Architekturvisualisierungen \u2013 meine Arbeiten verbinden Kreativit\u00e4t und Klarheit.Seit ich denken und einen Stift halten kann, habe ich unerm\u00fcdlich gezeichnet. Schon als Kind stapelten sich unter meinem Bett Mappen voller bunter Bilder. Mit dem Kunststudium nahm dieser Traum Gestalt an und wuchs zu einer festen Entschlossenheit heran: Ich wollte meine Leidenschaft zum Beruf machen und meinen Lebensunterhalt mit dem Zeichnen verdienen. Heute lebe ich diesen Traum und sch\u00f6pfe t\u00e4glich kreative Erf\u00fcllung daraus.Lass uns gemeinsam deine Ideen visuell umsetzen!\",\"breadcrumb\":{\"@id\":\"https:\/\/nina-schneider.com\/?page_id=2618#breadcrumb\"},\"inLanguage\":\"de\",\"potentialAction\":[{\"@type\":\"ReadAction\",\"target\":[\"https:\/\/nina-schneider.com\/?page_id=2618\"]}]},{\"@type\":\"ImageObject\",\"inLanguage\":\"de\",\"@id\":\"https:\/\/nina-schneider.com\/?page_id=2618#primaryimage\",\"url\":\"https:\/\/nina-schneider.com\/wp-content\/uploads\/clients-Kopie-scaled.jpg\",\"contentUrl\":\"https:\/\/nina-schneider.com\/wp-content\/uploads\/clients-Kopie-scaled.jpg\",\"width\":2560,\"height\":1521},{\"@type\":\"BreadcrumbList\",\"@id\":\"https:\/\/nina-schneider.com\/?page_id=2618#breadcrumb\",\"itemListElement\":[{\"@type\":\"ListItem\",\"position\":1,\"name\":\"Startseite\",\"item\":\"https:\/\/nina-schneider.com\/\"},{\"@type\":\"ListItem\",\"position\":2,\"name\":\"\u00dcber mich\"}]},{\"@type\":\"WebSite\",\"@id\":\"https:\/\/nina-schneider.com\/#website\",\"url\":\"https:\/\/nina-schneider.com\/\",\"name\":\"Nina Schneider Illustration\",\"description\":\"+49 (0)151 419 362 21 post(at)nina-schneider.com\",\"publisher\":{\"@id\":\"https:\/\/nina-schneider.com\/#organization\"},\"potentialAction\":[{\"@type\":\"SearchAction\",\"target\":{\"@type\":\"EntryPoint\",\"urlTemplate\":\"https:\/\/nina-schneider.com\/?s={search_term_string}\"},\"query-input\":{\"@type\":\"PropertyValueSpecification\",\"valueRequired\":true,\"valueName\":\"search_term_string\"}}],\"inLanguage\":\"de\"},{\"@type\":\"Organization\",\"@id\":\"https:\/\/nina-schneider.com\/#organization\",\"name\":\"Nina Schneider Illustration\",\"url\":\"https:\/\/nina-schneider.com\/\",\"logo\":{\"@type\":\"ImageObject\",\"inLanguage\":\"de\",\"@id\":\"https:\/\/nina-schneider.com\/#\/schema\/logo\/image\/\",\"url\":\"https:\/\/nina-schneider.com\/wp-content\/uploads\/logo_transparent.png\",\"contentUrl\":\"https:\/\/nina-schneider.com\/wp-content\/uploads\/logo_transparent.png\",\"width\":600,\"height\":132,\"caption\":\"Nina Schneider Illustration\"},\"image\":{\"@id\":\"https:\/\/nina-schneider.com\/#\/schema\/logo\/image\/\"},\"sameAs\":[\"https:\/\/www.instagram.com\/illustration_nina_schneider\/\"]}]}<\/script>\n<!-- \/ Yoast SEO plugin. -->","yoast_head_json":{"title":"\u00dcber mich - Nina Schneider Illustration","description":"Ich bin Nina Schneider, Illustratorin mit \u00fcber 10 Jahren Erfahrung in der Erstellung von ma\u00dfgeschneiderten Illustrationen f\u00fcr Print und Web.Ob Editorials, Unternehmenskommunikation, gro\u00dffl\u00e4chige Wandgestaltung oder Architekturvisualisierungen \u2013 meine Arbeiten verbinden Kreativit\u00e4t und Klarheit.Seit ich denken und einen Stift halten kann, habe ich unerm\u00fcdlich gezeichnet. Schon als Kind stapelten sich unter meinem Bett Mappen voller bunter Bilder. Mit dem Kunststudium nahm dieser Traum Gestalt an und wuchs zu einer festen Entschlossenheit heran: Ich wollte meine Leidenschaft zum Beruf machen und meinen Lebensunterhalt mit dem Zeichnen verdienen. Heute lebe ich diesen Traum und sch\u00f6pfe t\u00e4glich kreative Erf\u00fcllung daraus.Lass uns gemeinsam deine Ideen visuell umsetzen!","robots":{"index":"index","follow":"follow","max-snippet":"max-snippet:-1","max-image-preview":"max-image-preview:large","max-video-preview":"max-video-preview:-1"},"canonical":"https:\/\/nina-schneider.com\/?page_id=2618","og_locale":"de_DE","og_type":"article","og_title":"\u00dcber mich - Nina Schneider Illustration","og_description":"Ich bin Nina Schneider, Illustratorin mit \u00fcber 10 Jahren Erfahrung in der Erstellung von ma\u00dfgeschneiderten Illustrationen f\u00fcr Print und Web.Ob Editorials, Unternehmenskommunikation, gro\u00dffl\u00e4chige Wandgestaltung oder Architekturvisualisierungen \u2013 meine Arbeiten verbinden Kreativit\u00e4t und Klarheit.Seit ich denken und einen Stift halten kann, habe ich unerm\u00fcdlich gezeichnet. Schon als Kind stapelten sich unter meinem Bett Mappen voller bunter Bilder. Mit dem Kunststudium nahm dieser Traum Gestalt an und wuchs zu einer festen Entschlossenheit heran: Ich wollte meine Leidenschaft zum Beruf machen und meinen Lebensunterhalt mit dem Zeichnen verdienen. Heute lebe ich diesen Traum und sch\u00f6pfe t\u00e4glich kreative Erf\u00fcllung daraus.Lass uns gemeinsam deine Ideen visuell umsetzen!","og_url":"https:\/\/nina-schneider.com\/?page_id=2618","og_site_name":"Nina Schneider Illustration","article_modified_time":"2026-04-22T07:44:33+00:00","og_image":[{"url":"https:\/\/nina-schneider.com\/wp-content\/uploads\/clients-Kopie-1024x608.jpg","type":"","width":"","height":""}],"twitter_card":"summary_large_image","twitter_misc":{"Gesch\u00e4tzte Lesezeit":"3\u00a0Minuten"},"schema":{"@context":"https:\/\/schema.org","@graph":[{"@type":"WebPage","@id":"https:\/\/nina-schneider.com\/?page_id=2618","url":"https:\/\/nina-schneider.com\/?page_id=2618","name":"\u00dcber mich - Nina Schneider Illustration","isPartOf":{"@id":"https:\/\/nina-schneider.com\/#website"},"primaryImageOfPage":{"@id":"https:\/\/nina-schneider.com\/?page_id=2618#primaryimage"},"image":{"@id":"https:\/\/nina-schneider.com\/?page_id=2618#primaryimage"},"thumbnailUrl":"https:\/\/nina-schneider.com\/wp-content\/uploads\/clients-Kopie-1024x608.jpg","datePublished":"2023-07-09T07:40:48+00:00","dateModified":"2026-04-22T07:44:33+00:00","description":"Ich bin Nina Schneider, Illustratorin mit \u00fcber 10 Jahren Erfahrung in der Erstellung von ma\u00dfgeschneiderten Illustrationen f\u00fcr Print und Web.Ob Editorials, Unternehmenskommunikation, gro\u00dffl\u00e4chige Wandgestaltung oder Architekturvisualisierungen \u2013 meine Arbeiten verbinden Kreativit\u00e4t und Klarheit.Seit ich denken und einen Stift halten kann, habe ich unerm\u00fcdlich gezeichnet. Schon als Kind stapelten sich unter meinem Bett Mappen voller bunter Bilder. Mit dem Kunststudium nahm dieser Traum Gestalt an und wuchs zu einer festen Entschlossenheit heran: Ich wollte meine Leidenschaft zum Beruf machen und meinen Lebensunterhalt mit dem Zeichnen verdienen. Heute lebe ich diesen Traum und sch\u00f6pfe t\u00e4glich kreative Erf\u00fcllung daraus.Lass uns gemeinsam deine Ideen visuell umsetzen!","breadcrumb":{"@id":"https:\/\/nina-schneider.com\/?page_id=2618#breadcrumb"},"inLanguage":"de","potentialAction":[{"@type":"ReadAction","target":["https:\/\/nina-schneider.com\/?page_id=2618"]}]},{"@type":"ImageObject","inLanguage":"de","@id":"https:\/\/nina-schneider.com\/?page_id=2618#primaryimage","url":"https:\/\/nina-schneider.com\/wp-content\/uploads\/clients-Kopie-scaled.jpg","contentUrl":"https:\/\/nina-schneider.com\/wp-content\/uploads\/clients-Kopie-scaled.jpg","width":2560,"height":1521},{"@type":"BreadcrumbList","@id":"https:\/\/nina-schneider.com\/?page_id=2618#breadcrumb","itemListElement":[{"@type":"ListItem","position":1,"name":"Startseite","item":"https:\/\/nina-schneider.com\/"},{"@type":"ListItem","position":2,"name":"\u00dcber mich"}]},{"@type":"WebSite","@id":"https:\/\/nina-schneider.com\/#website","url":"https:\/\/nina-schneider.com\/","name":"Nina Schneider Illustration","description":"+49 (0)151 419 362 21 post(at)nina-schneider.com","publisher":{"@id":"https:\/\/nina-schneider.com\/#organization"},"potentialAction":[{"@type":"SearchAction","target":{"@type":"EntryPoint","urlTemplate":"https:\/\/nina-schneider.com\/?s={search_term_string}"},"query-input":{"@type":"PropertyValueSpecification","valueRequired":true,"valueName":"search_term_string"}}],"inLanguage":"de"},{"@type":"Organization","@id":"https:\/\/nina-schneider.com\/#organization","name":"Nina Schneider Illustration","url":"https:\/\/nina-schneider.com\/","logo":{"@type":"ImageObject","inLanguage":"de","@id":"https:\/\/nina-schneider.com\/#\/schema\/logo\/image\/","url":"https:\/\/nina-schneider.com\/wp-content\/uploads\/logo_transparent.png","contentUrl":"https:\/\/nina-schneider.com\/wp-content\/uploads\/logo_transparent.png","width":600,"height":132,"caption":"Nina Schneider Illustration"},"image":{"@id":"https:\/\/nina-schneider.com\/#\/schema\/logo\/image\/"},"sameAs":["https:\/\/www.instagram.com\/illustration_nina_schneider\/"]}]}},"_links":{"self":[{"href":"https:\/\/nina-schneider.com\/index.php?rest_route=\/wp\/v2\/pages\/2618","targetHints":{"allow":["GET"]}}],"collection":[{"href":"https:\/\/nina-schneider.com\/index.php?rest_route=\/wp\/v2\/pages"}],"about":[{"href":"https:\/\/nina-schneider.com\/index.php?rest_route=\/wp\/v2\/types\/page"}],"author":[{"embeddable":true,"href":"https:\/\/nina-schneider.com\/index.php?rest_route=\/wp\/v2\/users\/1"}],"replies":[{"embeddable":true,"href":"https:\/\/nina-schneider.com\/index.php?rest_route=%2Fwp%2Fv2%2Fcomments&post=2618"}],"version-history":[{"count":35,"href":"https:\/\/nina-schneider.com\/index.php?rest_route=\/wp\/v2\/pages\/2618\/revisions"}],"predecessor-version":[{"id":3373,"href":"https:\/\/nina-schneider.com\/index.php?rest_route=\/wp\/v2\/pages\/2618\/revisions\/3373"}],"wp:attachment":[{"href":"https:\/\/nina-schneider.com\/index.php?rest_route=%2Fwp%2Fv2%2Fmedia&parent=2618"}],"curies":[{"name":"wp","href":"https:\/\/api.w.org\/{rel}","templated":true}]}}